 + 14. Let j(v) = -5*v**3 - 10*v**2 + 4*v - 13. Let z(l) = 7*j(l) + 6*y(l). Let i be 16/3 + (-2)/6. Give z(i).
8
Let t(v) = v - 3. Let g(x) = -6*x - 22. Let i be g(-5). Determine t(i).
5
Let n(b) = -7*b**2 + b. Let f be n(1). Let l(v) = v + 10. Let r(x) = 2*x + 21. Let i(m) = 5*l(m) - 2*r(m). Calculate i(f).
2
Let a = -44 + 41. Let v = 2 - -5. Let y(n) = -n**2 + n - 1 - v*n - 1. Determine y(a).
7
Let c(y) = y**3 - 6*y**2 + 4*y - 1. Suppose 12 = -3*h + h. Let d be (-2)/4*h + 2. Let m = d + 0. Determine c(m).
-6
Let p(r) = 4*r**3 + 9*r**2 - 4*r - 4. Let s(h) = 1 - 2*h**2 - 4*h - h**3 - h + 5*h + h. Let n(i) = 2*p(i) + 9*s(i). Give n(-2).
7
Let n(z) = z. Suppose k + 0*k + l = 0, -5*k + 4*l = -27. Let i(v) = -2*v - k*v + 3*v. Let y(p) = 4*i(p) + 7*n(p). What is y(2)?
-2
Let h(f) = -f + 7. Let x(i) = i**3 + 11*i**2 + 6. Let z be x(-11). What is h(z)?
1
Let z(n) = -n**3 + 4*n**2 - 3*n + 2. Let x be z(3). Let l(u) = -3*u + 1. Calculate l(x).
-5
Let s = 0 + 0. Let i be s + 0 + 9/3. Let p(a) = 3 - 2 - 6*a - 3 + i. Calculate p(-1).
7
Let l(g) = 158 - 2*g - 80 - 77. What is l(2)?
-3
Let h = -5 - -16. Suppose 5 = 3*q - 0*g + g, 5*g = -3*q - h. Let a(b) = b**3 - 3*b**2 + 4*b - 3. Determine a(q).
9
Let f(d) = d**3 - 4*d**2 + 4*d - 2. Let i be f(3). Let o(t) = 3*t - 3*t - t - i. Determine o(-3).
2
Let u(s) = -s**2 - s + 2. Suppose 13 = -5*r + 6*r - 4*d, 0 = 5*r + 2*d + 23. Determine u(r).
-4
Let f(g) = -g + 1. Let a(s) = s - 1. Let k(r) = -3*a(r) - 2*f(r). What is k(0)?
1
Let g = 1 + 0. Suppose -16 = -4*i - 4. Let f(c) = -c - i + 4 + 0*c. Give f(g).
0
Let x(j) = j**2 - j + 6 + 7*j - j. Suppose -18 = 3*o - 6. Determine x(o).
2
Let s = -173 + 165. Let j(x) = -x**2 - 7*x + 9. What is j(s)?
1
Let f = 3 - 5. Let v(j) = -1 - 8*j + 3*j**2 + 16*j - 7*j - 2*j**2. Calculate v(f).
1
Suppose 4*u + 4*s - 1 = 5*s, -u - 11 = -4*s. Let p(r) = -r**2 - r. Let w(z) = 3*z**2 - 5*z + 5. Let a(m) = u*w(m) + 2*p(m). Give a(5).
-5
Let b(h) = 2*h + 1 - 7*h + h + 3*h. Give b(-1).
2
Suppose -3*p + 0*r = -5*r - 22, 0 = -p - 3*r - 16. Let t(j) be the third derivative of -5*j**4/24 - j**3/6 - 4*j**2. Calculate t(p).
4
Let f = -6 + 9. Let v(n) = 2*n**3 - n**3 - n**2 + 1 + 4*n + 0*n**f - 4*n**2. Give v(4).
1
Let r(u) be the first derivative of -u**2 + u + 5. Give r(3).
-5
Suppose 0 = -5*d + 3*d + 2. Let q(j) = -j**2 - 2*j + d + 4 - 3*j. Calculate q(-5).
5
Suppose -4*d + d - 24 = -5*x, 0 = 5*d + 15. Let f(y) = -x - 2*y + 3*y + y**2 + 1. Suppose 0 = 4*h - 0*h + 16, 5*z + 5*h + 10 = 0. What is f(z)?
4
Let m(p) = -6*p - 1. Let y(h) = h. Let g(w) = m(w) + 5*y(w). Let t = 32 - 23. Let f = t + -6. Determine g(f).
-4
Let n(o) = 4*o**2 + 1. Let f be 5 + 8/(-6)*3. What is n(f)?
5
Let n be (-3 - 1)*(-2)/(-4). Let w(q) = -q**3 - 4*q**2 - 4*q - 3. Determine w(n).
-3
Let g(v) = -v + 10 - v**2 - 3 - 6. What is g(2)?
-5
Let n be 2/((-4)/18) - -2. Let l(k) = -5*k**3 - 3*k**2 + 4. Let u(r) = -6*r**3 - 4*r**2 + 4. Let d(s) = n*l(s) + 6*u(s). Calculate d(-3).
-4
Let j be 5*(-5)/((-25)/2). Let d(k) = -2*k**3 - 4*k + 7 - 4 + 12*k**2 - 8*k**2. What is d(j)?
-5
Let l(m) be the first derivative of 2*m**2 - 2*m + 1. Let u be (20*1/8)/(10/8). Calculate l(u).
6
Let k be -5*((-18)/(-75))/((-4)/20). Let j(l) = l - 4. Determine j(k).
2
Let f(z) = z**2 - 1. Let n(i) = 2*i**2. Let r(m) = -3*f(m) + n(m). Let y(c) = 2*c**2 - c - 7. Let k(s) = -9*r(s) - 4*y(s). Suppose 2*x = -1 - 5. What is k(x)?
-2
Let p = 77 - 71. Let v(b) = -2*b - 1. Calculate v(p).
-13
Let g be 24/(-156) - 67/(-13). Let b(c) = c**3 - 5*c**2 - 5. Give b(g).
-5
Let k(p) be the second derivative of 3*p + 0 + 1/6*p**3 + 3*p**2. Suppose a + 2*x = -6, -a = 4*a - 3*x + 30. Calculate k(a).
0
Let o(g) = g**2 + 4*g - 4. Let m be o(-4). Let r = 9 + m. Let i be (-2 + 1)/((-1)/r). Let n(p) = -p**2 + 7*p - 1. Determine n(i).
9
Let f(x) = 5*x + 9. Let w be f(4). Let a(j) = 3*j - w + 32 - 4*j. What is a(0)?
3
Let x(y) = -y**2 + 5*y + 2*y**2 - 9*y. Let i(u) = -u**3 + 2*u - 1. Let c be i(1). Suppose c*l + 2*l - 8 = 0. Determine x(l).
0
Let k(t) = t**2 - 3*t - 9. Let c(w) = -w**2 + 3*w + 8. Let g(l) = -5*c(l) - 4*k(l). Let m(b) = -b + 1. Let f be m(-4). Give g(f).
6
Let w(h) = -h**3 - h**2 + 4*h - 1. Let f = 5 - 2. Suppose b - f = -6. Calculate w(b).
5
Let d(w) = 3*w - 1 - 1 + 6*w**2 - 4*w**2 - 5*w. Let k be (-2)/(-6) + 10/6. Calculate d(k).
2
Suppose 0 = 4*k - k - 21. Let o(b) = -k*b - 9*b + 5*b. Determine o(1).
-11
Let q = -58 - -56. Let x(z) = 2*z**2 + z. Determine x(q).
6
Let x(f) = -9*f + 1. Let d(b) = 6*b + 1. Let m(h) = -29*h - 6. Let z(p) = -11*d(p) - 2*m(p). Let v(c) = 3*x(c) - 4*z(c). Calculate v(-1).
-6
Let l(m) = m**2 - 6*m - 1. Let n = -5 - -11. Determine l(n).
-1
Let k = -4 + -3. Let x(u) = u**2 + 6*u - 10. Determine x(k).
-3
Let f(i) = -10*i. Suppose 0 = -6*t + 6. What is f(t)?
-10
Let x(b) be the third derivative of b**8/6720 - b**7/504 + b**6/180 - b**5/30 + b**4/3 + 8*b**2. Let s(v) be the second derivative of x(v). Calculate s(4).
-4
Let j(h) = -4*h**3 - h - 1. Let u be j(-1). Let y(s) = -s - 1. Determine y(u).
-5
Let l(f) be the third derivative of 1/3*f**3 - 1/12*f**4 + 0 + 0*f - 2*f**2. Determine l(5).
-8
Let h(t) = -t + 8. Let w be h(5). Let n(y) = -2*y - 10 + 2 + w*y + y. What is n(6)?
4
Suppose -31 = -3*y + y - 5*d, 4*d = 3*y + 11. Let z(f) = 4*f - y*f - 4*f + 2*f**2 + f**3 + 1. Let o be (0 - -1)/(-1) - 2. Determine z(o).
1
Let v(x) = -x**3 + 13*x**2 - 2*x + 19. Let b = 106 + -93. Calculate v(b).
-7
Let y(g) be the first derivative of g**4/4 + 5*g**3/3 - g**2/2 + 5*g + 17. What is y(-5)?
10
Let m(k) = k**2 + 9*k + 9. Let w(l) = l**2 + l - 64. Let p be w(-8). Determine m(p).
1
Let i(l) be the second derivative of 1/2*l**2 + 0*l**3 + l + 0 - 1/12*l**4. Let j = -7 - -7. What is i(j)?
1
Let x(m) = -m**3 - 8*m**2 + m + 10. Let i be x(-8). Let g(l) = -5*l + 3. What is g(i)?
-7
Let d = -3 + -3. Let s = d + 9. Let k(x) = x + x**s - 4*x**3 - x**3. What is k(1)?
-3
Let h(s) = -4*s**3 + 2*s + 3. Let z(m) = 2*m**3 - m - 2. Let q(c) = 3*h(c) + 5*z(c). What is q(2)?
-15
Let x(c) be the first derivative of c**4/4 - 2*c**3 + c**2/2 + 3*c - 29. What is x(6)?
9
Let v(w) = -2*w**2 - 5*w + 2. Let k(i) = -3*i**2 - 4*i + 1. Let a(p) = -3*k(p) + 4*v(p). Determine a(6).
-7
Suppose 2*t + 10 = 7*t. Let g(b) = -5*b - 5*b**3 + 4 + 4*b**2 + 2*b**3 + t*b**3. What is g(3)?
-2
Suppose -4*w + 4 = -2*w. Let q(c) = 3 + 14*c**2 - 7*c + 0 - 13*c**w. Let i(m) = -3*m - 4. Let k be i(-3). What is q(k)?
-7
Let h(c) = c**3 + 6*c**2 + 4*c - 1. Let z be 174/(-21) - -3 - (-2)/7. Give h(z).
4
Suppose 1 = -4*i - 7. Let r(l) = -3 + 4 - 3. Let x(n) = n. Let g(j) = -r(j) + 2*x(j). Calculate g(i).
-2
Let x(q) be the second derivative of 0*q**2 + 2*q + 1/6*q**3 + 0*q**4 - 1/20*q**5 + 0. Calculate x(-1).
0
Suppose -4*r + 3 = 19. Let x(n) = 6*n - 4*n**3 + 3*n**3 + 4 - 2*n**2 - n**2. Determine x(r).
-4
Let r(s) = s - 1. Let v be 3 + (0 + -1)*-2. Let a be (-21)/v + (-1)/(-5). Determine r(a).
-5
Let o(u) = 0*u**3 - u**2 + u + 0*u**2 + 2*u**3 - u**3. Let g be o(0). Let z(m) = 0*m**2 - m**2 - 21 + 24. Calculate z(g).
3
Let b(l) = -33 + 2*l + 6 + 2*l - 3*l - l**2. Calculate b(0).
-27
Let f(a) = -3*a**2 - 2*a + 1. Let i(o) = o**3 + 6*o**2 + 5*o - 6. Let l be i(-5). Let r = -5 - l. Give f(r).
-4
Let r(h) = 4 + 4 - 3*h - 5. Let y be r(2). Let p(t) = -2*t - 3. What is p(y)?
3
Let h(n) be the second derivative of n**5/20 - n**4/12 + n**3/6 + 7*n**2/2 - 17*n. Give h(0).
7
Let t(b) = 2*b - 1. Let j(g) = -g. Let a(z) = 4*j(z) + 3*t(z). Let m(d) be the first derivative of d**2/2 - 2*d + 1. Let r(p) = -2*a(p) + 3*m(p). Give r(-3).
3
Let i(j) = 3*j + 1. Let v(f) = 6*f + 3. Let c(p) = -5*i(p) + 2*v(p). Let s(z) = z**2 + z - 1. Let r be s(-3). Let l = 8 - r. Determine c(l).
-8
Suppose -60 = -3*f - f. Suppose 0 = 5*l + f - 0. Let c(y) = 0 + 3 + y - 5. Determine c(l).
-5
Let s(t) be the second derivative of -t**3/6 + 11*t**2/2 - 11*t. Determine s(0).
11
Let z(u) = 1 + 0 + 2*u**2 - 8*u**2 + u. Calculate z(-1).
-6
Let l(x) = -2*x - 104 + 109 + 0*x - x**2. What is l(-4)?
-3
Let k(d) be the first derivative of d**3/3 - 7*d**2/2 - 5*d + 11. Calculate k(8).
3
Let f = 0 + -3. Let a = 0 + f. Let i(m) = 2*m + 3. Calculate i(a).
-3
Suppose 0*z = -3*z + 9. Let h be (-2 + 10/3)*z. Let m(v) = -v**2 + 4*v - 1 + 0*v**2 - v. Calcula